{"id":1446,"date":"2023-03-27T19:12:51","date_gmt":"2023-03-28T00:12:51","guid":{"rendered":"https:\/\/corseing.com.co\/?page_id=1446"},"modified":"2023-08-21T17:39:11","modified_gmt":"2023-08-21T22:39:11","slug":"vial","status":"publish","type":"page","link":"https:\/\/corseing.com.co\/index.php\/servicios\/vial\/","title":{"rendered":"Se\u00f1alizaci\u00f3n Vial"},"content":{"rendered":"\n<div class=\"wp-block-uagb-container uagb-block-2c2e46a2 alignfull uagb-is-root-container\"><div class=\"uagb-container-inner-blocks-wrap\">\n<div class=\"wp-block-uagb-advanced-heading uagb-block-17bd4992\"><h1 class=\"uagb-heading-text\">se\u00f1alizaci\u00f3n vial<\/h1><\/div>\n<\/div><\/div>\n\n\n\n<div class=\"wp-block-uagb-container uagb-block-dfa7bf8d alignfull uagb-is-root-container\"><div class=\"uagb-container-inner-blocks-wrap\">\n<div class=\"wp-block-uagb-container uagb-block-52e2f489 alignfull uagb-is-root-container\"><div class=\"uagb-container-inner-blocks-wrap\">\n<div class=\"wp-block-uagb-container uagb-block-fb6a072d\">\n<div class=\"wp-block-uagb-image uagb-block-21ff2a10 wp-block-uagb-image--layout-default wp-block-uagb-image--effect-static wp-block-uagb-image--align-none\"><figure class=\"wp-block-uagb-image__figure\"><img decoding=\"async\" srcset=\"https:\/\/corseing.com.co\/wp-content\/uploads\/2023\/03\/senal-de-transito-pare.jpg , http:\/\/jesvam.com\/wp-content\/uploads\/2021\/03\/personal-injury-template-car-accident-img.jpg 360w\" src=\"https:\/\/corseing.com.co\/wp-content\/uploads\/2023\/03\/senal-de-transito-pare.jpg\" alt=\"\" class=\"uag-image-1573\" width=\"1696\" height=\"1131\" title=\"\" loading=\"lazy\"\/><\/figure><\/div>\n<\/div>\n\n\n\n<div class=\"wp-block-uagb-container uagb-block-a72ac53a\">\n<div class=\"wp-block-uagb-info-box uagb-block-6360521a uagb-infobox__content-wrap  uagb-infobox-icon-above-title uagb-infobox-image-valign-top\"><div class=\"uagb-ifb-content\"><div class=\"uagb-ifb-title-wrap\"><h3 class=\"uagb-ifb-title\">Se\u00f1al de tr\u00e1nsito reglamentar\u00eda<\/h3><\/div><p class=\"uagb-ifb-desc\">Sus medidas son 60x 75x 90 y 120<br>L\u00e1mina Galvanizada Cal 16 con pintura electrost\u00e1tica Pedestal en \u00e1ngulo de 2\u201d x 1\/4 con pintura electrost\u00e1tica<br><\/p><\/div><\/div>\n<\/div>\n<\/div><\/div>\n\n\n\n<div class=\"wp-block-uagb-container uagb-block-f6dcb049 alignfull uagb-is-root-container\"><div class=\"uagb-container-inner-blocks-wrap\">\n<div class=\"wp-block-uagb-container uagb-block-97ac7226\">\n<div class=\"wp-block-uagb-info-box uagb-block-c6369910 uagb-infobox__content-wrap  uagb-infobox-icon-above-title uagb-infobox-image-valign-top\"><div class=\"uagb-ifb-content\"><div class=\"uagb-ifb-title-wrap\"><h3 class=\"uagb-ifb-title\">Bandera Vial<\/h3><\/div><p class=\"uagb-ifb-desc\">Su funci\u00f3n principal es la de informar al usuario de la v\u00eda de los sitios de inter\u00e9s a los cuales se est\u00e1 aproximando como tambi\u00e9n demarcar l\u00edmites municipales y departamentales.<br>Dise\u00f1adas y construidas con papeles de alta reflectividad cumpliendo con las normativas del manual de se\u00f1alizaci\u00f3n vial del 2015.<\/p><\/div><\/div>\n<\/div>\n\n\n\n<div class=\"wp-block-uagb-container uagb-block-2afadcc0\">\n<div class=\"wp-block-uagb-image uagb-block-4f274db3 wp-block-uagb-image--layout-default wp-block-uagb-image--effect-static wp-block-uagb-image--align-none\"><figure class=\"wp-block-uagb-image__figure\"><img decoding=\"async\" srcset=\"https:\/\/corseing.com.co\/wp-content\/uploads\/2023\/03\/Diseno-sin-titulo-5.png , http:\/\/jesvam.com\/wp-content\/uploads\/2021\/03\/personal-injury-template-truck-accident.jpg 360w\" src=\"https:\/\/corseing.com.co\/wp-content\/uploads\/2023\/03\/Diseno-sin-titulo-5.png\" alt=\"\" class=\"uag-image-1576\" width=\"\" height=\"\" title=\"\" loading=\"lazy\"\/><\/figure><\/div>\n<\/div>\n<\/div><\/div>\n\n\n\n<div class=\"wp-block-uagb-container uagb-block-e2f546b7 alignfull uagb-is-root-container\"><div class=\"uagb-container-inner-blocks-wrap\">\n<div class=\"wp-block-uagb-container uagb-block-eeac3ee9\">\n<div class=\"wp-block-uagb-image uagb-block-4c6ba8b1 wp-block-uagb-image--layout-default wp-block-uagb-image--effect-static wp-block-uagb-image--align-none\"><figure class=\"wp-block-uagb-image__figure\"><img decoding=\"async\" srcset=\"https:\/\/corseing.com.co\/wp-content\/uploads\/2023\/04\/WhatsApp-Image-2023-03-19-at-12.25.26-PM.jpeg , http:\/\/jesvam.com\/wp-content\/uploads\/2021\/03\/personal-injury-template-car-accident-img.jpg 360w\" src=\"https:\/\/corseing.com.co\/wp-content\/uploads\/2023\/04\/WhatsApp-Image-2023-03-19-at-12.25.26-PM.jpeg\" alt=\"\" class=\"uag-image-1822\" width=\"\" height=\"\" title=\"\" loading=\"lazy\"\/><\/figure><\/div>\n<\/div>\n\n\n\n<div class=\"wp-block-uagb-container uagb-block-7425bba2\">\n<div class=\"wp-block-uagb-info-box uagb-block-8db2cee1 uagb-infobox__content-wrap  uagb-infobox-icon-above-title uagb-infobox-image-valign-top\"><div class=\"uagb-ifb-content\"><div class=\"uagb-ifb-title-wrap\"><h3 class=\"uagb-ifb-title\">Demarcaci\u00f3n Lineal<\/h3><\/div><p class=\"uagb-ifb-desc\">Corseing S.A.S cuenta con el equipo necesario de \u00faltima tecnolog\u00eda para el suministro, almacenamiento, transporte y aplicaci\u00f3n uniforme de pintura tipo tr\u00e1fico o resinas termopl\u00e1sticas de aplicaci\u00f3n en caliente, reflectorizada con microesferas de vidrio para marcas viales planas sobre pavimento flexible y\/o r\u00edgido de acuerdo con las normas vigentes, dimensiones y colores que indiquen los planos del proyecto, otorgando un nivel de calidad y seguridad garantizada al usuario.<\/p><\/div><\/div>\n<\/div>\n<\/div><\/div>\n\n\n\n<div class=\"wp-block-uagb-container uagb-block-92505ee2 alignfull uagb-is-root-container\"><div class=\"uagb-container-inner-blocks-wrap\">\n<div class=\"wp-block-uagb-container uagb-block-75716d48\">\n<div class=\"wp-block-uagb-info-box uagb-block-58c0d2d3 uagb-infobox__content-wrap  uagb-infobox-icon-above-title uagb-infobox-image-valign-top\"><div class=\"uagb-ifb-content\"><div class=\"uagb-ifb-title-wrap\"><h3 class=\"uagb-ifb-title\">Demarcaci\u00f3n Metro Cuadrado<\/h3><\/div><p class=\"uagb-ifb-desc\">Corseing S.A.S cuenta con el equipo necesario de \u00faltima tecnolog\u00eda para el suministro, almacenamiento, trasporte y aplicaci\u00f3n uniforme de pintura tipo tr\u00e1fico o resinas termopl\u00e1sticas de aplicaci\u00f3n en caliente, para marcas viales planas como pictogramas, textos, resaltos virtuales y\/o f\u00edsicos, achurados pasos peatonales defensas sobre pavimento flexible y\/o r\u00edgido de acuerdo con las normas vigentes y dimensiones, colores que indiquen los planos del proyecto, otorgando un nivel de calidad y seguridad garantizada al usuario<\/p><\/div><\/div>\n<\/div>\n\n\n\n<div class=\"wp-block-uagb-container uagb-block-86f42c7b\">\n<div class=\"wp-block-uagb-image uagb-block-d6a43ad6 wp-block-uagb-image--layout-default wp-block-uagb-image--effect-static wp-block-uagb-image--align-none\"><figure class=\"wp-block-uagb-image__figure\"><img decoding=\"async\" srcset=\"https:\/\/corseing.com.co\/wp-content\/uploads\/2023\/04\/WhatsApp-Image-2023-03-19-at-12.25.36-PM-1.jpeg , http:\/\/jesvam.com\/wp-content\/uploads\/2021\/03\/personal-injury-template-truck-accident.jpg 360w\" src=\"https:\/\/corseing.com.co\/wp-content\/uploads\/2023\/04\/WhatsApp-Image-2023-03-19-at-12.25.36-PM-1.jpeg\" alt=\"\" class=\"uag-image-1824\" width=\"\" height=\"\" title=\"\" loading=\"lazy\"\/><\/figure><\/div>\n<\/div>\n<\/div><\/div>\n\n\n\n<div class=\"wp-block-uagb-advanced-heading uagb-block-69211504\"><h2 class=\"uagb-heading-text\">Se\u00f1alizaci\u00f3n especial vial<\/h2><\/div>\n\n\n\n<div class=\"wp-block-uagb-slider uagb-block-419c6cd3 uagb-slider-container\"><div class=\"uagb-slides uagb-swiper\"><div class=\"swiper-wrapper\">\n<div class=\"wp-block-uagb-slider-child uagb-slider-child-wrap swiper-slide uagb-block-426a46a8\"><div class=\"swiper-content\">\n<div class=\"wp-block-uagb-container uagb-block-a89e142d\">\n<div class=\"wp-block-uagb-image aligncenter uagb-block-c4484a59 wp-block-uagb-image--layout-default wp-block-uagb-image--effect-static wp-block-uagb-image--align-center\"><figure class=\"wp-block-uagb-image__figure\"><img decoding=\"async\" srcset=\"https:\/\/corseing.com.co\/wp-content\/uploads\/2023\/03\/Diseno-sin-titulo-6.png , https:\/\/corseing.com.co\/wp-content\/uploads\/2023\/03\/Diseno-sin-titulo-6.png 360w\" src=\"https:\/\/corseing.com.co\/wp-content\/uploads\/2023\/03\/Diseno-sin-titulo-6.png\" alt=\"\" class=\"uag-image-1579\" width=\"\" height=\"\" title=\"\" loading=\"lazy\"\/><\/figure><\/div>\n<\/div>\n<\/div><\/div>\n\n\n\n<div class=\"wp-block-uagb-slider-child uagb-slider-child-wrap swiper-slide uagb-block-5b5b5efc\"><div class=\"swiper-content\">\n<div class=\"wp-block-uagb-container uagb-block-9fa2dab0\">\n<div class=\"wp-block-uagb-image aligncenter uagb-block-5a685c20 wp-block-uagb-image--layout-default wp-block-uagb-image--effect-static wp-block-uagb-image--align-center\"><figure class=\"wp-block-uagb-image__figure\"><img decoding=\"async\" srcset=\"https:\/\/corseing.com.co\/wp-content\/uploads\/2023\/03\/Diseno-sin-titulo-7.png \" src=\"https:\/\/corseing.com.co\/wp-content\/uploads\/2023\/03\/Diseno-sin-titulo-7.png\" alt=\"\" class=\"uag-image-1581\" width=\"\" height=\"\" title=\"\" loading=\"lazy\"\/><\/figure><\/div>\n<\/div>\n<\/div><\/div>\n\n\n\n<div class=\"wp-block-uagb-slider-child uagb-slider-child-wrap swiper-slide uagb-block-f126575f\"><div class=\"swiper-content\">\n<div class=\"wp-block-uagb-container uagb-block-53ad1fae\">\n<div class=\"wp-block-uagb-image aligncenter uagb-block-ab808344 wp-block-uagb-image--layout-default wp-block-uagb-image--effect-static wp-block-uagb-image--align-center\"><figure class=\"wp-block-uagb-image__figure\"><img decoding=\"async\" srcset=\"https:\/\/corseing.com.co\/wp-content\/uploads\/2023\/03\/Diseno-sin-titulo-8.png \" src=\"https:\/\/corseing.com.co\/wp-content\/uploads\/2023\/03\/Diseno-sin-titulo-8.png\" alt=\"\" class=\"uag-image-1583\" width=\"\" height=\"\" title=\"\" loading=\"lazy\"\/><\/figure><\/div>\n<\/div>\n<\/div><\/div>\n<\/div><\/div><div class=\"swiper-pagination\"><\/div><div class=\"swiper-button-prev\"><\/div><div class=\"swiper-button-next\"><\/div><\/div>\n<\/div><\/div>\n\n\n\n<div class=\"wp-block-uagb-container uagb-block-daa3edcb alignfull uagb-is-root-container\"><div class=\"uagb-container-inner-blocks-wrap\">\n<div class=\"wp-block-uagb-container uagb-block-71dd0a8e\">\n<div class=\"wp-block-uagb-container uagb-block-947fca97\">\n<div class=\"wp-block-uagb-image aligncenter uagb-block-3706292c wp-block-uagb-image--layout-default wp-block-uagb-image--effect-static wp-block-uagb-image--align-center\"><figure class=\"wp-block-uagb-image__figure\"><img decoding=\"async\" srcset=\"https:\/\/corseing.com.co\/wp-content\/uploads\/2023\/03\/1-proyectos-3.png , https:\/\/corseing.com.co\/wp-content\/uploads\/2023\/03\/1-proyectos-3.png 360w\" src=\"https:\/\/corseing.com.co\/wp-content\/uploads\/2023\/03\/1-proyectos-3.png\" alt=\"\" class=\"uag-image-1264\" width=\"400\" height=\"400\" title=\"\" loading=\"lazy\"\/><\/figure><\/div>\n<\/div>\n<\/div>\n\n\n\n<div class=\"wp-block-uagb-container uagb-block-eae4eb82\">\n<div class=\"wp-block-uagb-container uagb-block-88e2cdba\">\n<div class=\"wp-block-uagb-advanced-heading uagb-block-73d9e4d1\"><h2 class=\"uagb-heading-text\">cotiza tu proyecto:<\/h2><\/div>\n\n\n<div class=\"wpforms-container wpforms-block\" id=\"wpforms-895\"><form id=\"wpforms-form-895\" class=\"wpforms-validate wpforms-form\" data-formid=\"895\" method=\"post\" enctype=\"multipart\/form-data\" action=\"\/index.php\/wp-json\/wp\/v2\/pages\/1446\" data-token=\"932e189465852c64414891da40a876fc\" data-token-time=\"1777623894\"><noscript class=\"wpforms-error-noscript\">Por favor, activa JavaScript en tu navegador para completar este formulario.<\/noscript><div class=\"wpforms-field-container\"><div id=\"wpforms-895-field_0-container\" class=\"wpforms-field wpforms-field-name\" data-field-id=\"0\"><label class=\"wpforms-field-label wpforms-label-hide\" for=\"wpforms-895-field_0\">Nombre <span class=\"wpforms-required-label\">*<\/span><\/label><input type=\"text\" id=\"wpforms-895-field_0\" class=\"wpforms-field-large wpforms-field-required\" name=\"wpforms[fields][0]\" placeholder=\"Tu nombre\" required><\/div><div id=\"wpforms-895-field_1-container\" class=\"wpforms-field wpforms-field-email\" data-field-id=\"1\"><label class=\"wpforms-field-label wpforms-label-hide\" for=\"wpforms-895-field_1\">Email <span class=\"wpforms-required-label\">*<\/span><\/label><input type=\"email\" id=\"wpforms-895-field_1\" class=\"wpforms-field-large wpforms-field-required\" name=\"wpforms[fields][1]\" placeholder=\"Direcci\u00f3n de email\" spellcheck=\"false\" required><\/div><div id=\"wpforms-895-field_6-container\" class=\"wpforms-field wpforms-field-number\" data-field-id=\"6\"><label class=\"wpforms-field-label wpforms-label-hide\" for=\"wpforms-895-field_6\">Celular<\/label><input type=\"number\" id=\"wpforms-895-field_6\" class=\"wpforms-field-large\" name=\"wpforms[fields][6]\" placeholder=\"Numero de celular\" ><\/div><div id=\"wpforms-895-field_2-container\" class=\"wpforms-field wpforms-field-textarea\" data-field-id=\"2\"><label class=\"wpforms-field-label wpforms-label-hide\" for=\"wpforms-895-field_2\">Asunto <span class=\"wpforms-required-label\">*<\/span><\/label><textarea id=\"wpforms-895-field_2\" class=\"wpforms-field-medium wpforms-field-required\" name=\"wpforms[fields][2]\" placeholder=\"\u00bfQue servicio requieres?\" required><\/textarea><\/div><\/div><!-- .wpforms-field-container --><div class=\"wpforms-field wpforms-field-hp\"><label for=\"wpforms-895-field-hp\" class=\"wpforms-field-label\">Website<\/label><input type=\"text\" name=\"wpforms[hp]\" id=\"wpforms-895-field-hp\" class=\"wpforms-field-medium\"><\/div><div class=\"wpforms-submit-container\" ><input type=\"hidden\" name=\"wpforms[id]\" value=\"895\"><input type=\"hidden\" name=\"page_title\" value=\"\"><input type=\"hidden\" name=\"page_url\" value=\"https:\/\/corseing.com.co\/index.php\/wp-json\/wp\/v2\/pages\/1446\"><button type=\"submit\" name=\"wpforms[submit]\" id=\"wpforms-submit-895\" class=\"wpforms-submit\" data-alt-text=\"Enviando...\" data-submit-text=\"Enviar\" aria-live=\"assertive\" value=\"wpforms-submit\">Enviar<\/button><\/div><\/form><\/div>  <!-- .wpforms-container --><\/div>\n<\/div>\n<\/div><\/div>\n\n\n\n<div class=\"wp-block-uagb-image alignfull uagb-block-9fba2487 wp-block-uagb-image--layout-default wp-block-uagb-image--effect-static wp-block-uagb-image--align-full uag-hide-tab uag-hide-mob\"><figure class=\"wp-block-uagb-image__figure\"><img decoding=\"async\" srcset=\"https:\/\/corseing.com.co\/wp-content\/uploads\/2023\/03\/CLIENTES-CORSEING-1-2.png , https:\/\/corseing.com.co\/wp-content\/uploads\/2023\/03\/CLIENTES-CORSEING-1-2-1024x85.png 360w\" src=\"https:\/\/corseing.com.co\/wp-content\/uploads\/2023\/03\/CLIENTES-CORSEING-1-2.png\" alt=\"\" class=\"uag-image-1268\" width=\"3000\" height=\"250\" title=\"\" loading=\"lazy\"\/><\/figure><\/div>\n\n\n\n<div class=\"wp-block-uagb-image aligncenter uagb-block-ac87f2a9 wp-block-uagb-image--layout-default wp-block-uagb-image--effect-static wp-block-uagb-image--align-center uag-hide-desktop\"><figure class=\"wp-block-uagb-image__figure\"><img decoding=\"async\" srcset=\"https:\/\/corseing.com.co\/wp-content\/uploads\/2023\/03\/Copia-de-CLIENTES-CORSEING-1500-\u00d7-450-px-1250-\u00d7-400-px.png , https:\/\/corseing.com.co\/wp-content\/uploads\/2023\/03\/Copia-de-CLIENTES-CORSEING-1500-\u00d7-450-px-1250-\u00d7-400-px.png 360w\" src=\"https:\/\/corseing.com.co\/wp-content\/uploads\/2023\/03\/Copia-de-CLIENTES-CORSEING-1500-\u00d7-450-px-1250-\u00d7-400-px.png\" alt=\"\" class=\"uag-image-1489\" width=\"\" height=\"\" title=\"\" loading=\"lazy\"\/><\/figure><\/div>\n\n\n\n<div style=\"height:30px\" aria-hidden=\"true\" class=\"wp-block-spacer\"><\/div>\n","protected":false},"excerpt":{"rendered":"<p>se\u00f1alizaci\u00f3n vial Se\u00f1alizaci\u00f3n especial vial cotiza tu proyecto:<\/p>\n","protected":false},"author":1,"featured_media":0,"parent":922,"menu_order":0,"comment_status":"closed","ping_status":"closed","template":"","meta":{"_uag_custom_page_level_css":"","site-sidebar-layout":"default","site-content-layout":"plain-container","ast-global-header-display":"","ast-main-header-display":"","ast-hfb-above-header-display":"","ast-hfb-below-header-display":"","ast-hfb-mobile-header-display":"","site-post-title":"disabled","ast-breadcrumbs-content":"","ast-featured-img":"","footer-sml-layout":"","theme-transparent-header-meta":"enabled","adv-header-id-meta":"","stick-header-meta":"","header-above-stick-meta":"","header-main-stick-meta":"","header-below-stick-meta":"","_joinchat":[],"footnotes":""},"uagb_featured_image_src":{"full":false,"thumbnail":false,"medium":false,"medium_large":false,"large":false,"1536x1536":false,"2048x2048":false},"uagb_author_info":{"display_name":"rodyavila04@gmail.com","author_link":"https:\/\/corseing.com.co\/index.php\/author\/rodyavila04gmail-com\/"},"uagb_comment_info":0,"uagb_excerpt":"se\u00f1alizaci\u00f3n vial Se\u00f1alizaci\u00f3n especial vial cotiza tu proyecto:","_links":{"self":[{"href":"https:\/\/corseing.com.co\/index.php\/wp-json\/wp\/v2\/pages\/1446"}],"collection":[{"href":"https:\/\/corseing.com.co\/index.php\/wp-json\/wp\/v2\/pages"}],"about":[{"href":"https:\/\/corseing.com.co\/index.php\/wp-json\/wp\/v2\/types\/page"}],"author":[{"embeddable":true,"href":"https:\/\/corseing.com.co\/index.php\/wp-json\/wp\/v2\/users\/1"}],"replies":[{"embeddable":true,"href":"https:\/\/corseing.com.co\/index.php\/wp-json\/wp\/v2\/comments?post=1446"}],"version-history":[{"count":28,"href":"https:\/\/corseing.com.co\/index.php\/wp-json\/wp\/v2\/pages\/1446\/revisions"}],"predecessor-version":[{"id":1982,"href":"https:\/\/corseing.com.co\/index.php\/wp-json\/wp\/v2\/pages\/1446\/revisions\/1982"}],"up":[{"embeddable":true,"href":"https:\/\/corseing.com.co\/index.php\/wp-json\/wp\/v2\/pages\/922"}],"wp:attachment":[{"href":"https:\/\/corseing.com.co\/index.php\/wp-json\/wp\/v2\/media?parent=1446"}],"curies":[{"name":"wp","href":"https:\/\/api.w.org\/{rel}","templated":true}]}}